emainder when 3990 is divided by 759?
195
What is the remainder when 45 is divided by 34?
11
Calculate the remainder when 11690 is divided by 268.
166
Calculate the remainder when 3534 is divided by 3483.
51
Calculate the remainder when 85145 is divided by 16955.
370
What is the remainder when 83763 is divided by 227?
0
What is the remainder when 3259 is divided by 213?
64
Calculate the remainder when 677329 is divided by 795.
784
Calculate the remainder when 600262 is divided by 14.
12
Calculate the remainder when 105695 is divided by 2348.
35
Calculate the remainder when 4615 is divided by 2214.
187
What is the remainder when 3158 is divided by 3033?
125
Calculate the remainder when 7466 is divided by 113.
8
What is the remainder when 9100 is divided by 123?
121
What is the remainder when 3535 is divided by 89?
64
What is the remainder when 9735 is divided by 9723?
12
What is the remainder when 9742 is divided by 23?
13
What is the remainder when 3585 is divided by 893?
13
Calculate the remainder when 77395 is divided by 150.
145
What is the remainder when 6323 is divided by 1569?
47
What is the remainder when 13146 is divided by 3026?
1042
What is the remainder when 149995 is divided by 24?
19
What is the remainder when 9101 is divided by 899?
111
Calculate the remainder when 2330 is divided by 179.
3
Calculate the remainder when 16004 is divided by 728.
716
What is the remainder when 4966 is divided by 50?
16
What is the remainder when 56892 is divided by 4740?
12
Calculate the remainder when 9713 is divided by 1940.
13
What is the remainder when 4634420 is divided by 13?
11
Calculate the remainder when 928 is divided by 212.
80
What is the remainder when 2002 is divided by 502?
496
What is the remainder when 3025 is divided by 422?
71
Calculate the remainder when 11533 is divided by 139.
135
What is the remainder when 23268 is divided by 57?
12
What is the remainder when 924 is divided by 312?
300
What is the remainder when 10319 is divided by 5095?
129
Calculate the remainder when 59607 is divided by 124.
87
What is the remainder when 130061 is divided by 64990?
81
What is the remainder when 13495 is divided by 1124?
7
Calculate the remainder when 5561 is divided by 147.
122
Calculate the remainder when 7914 is divided by 2608.
90
Calculate the remainder when 254429 is divided by 175.
154
Calculate the remainder when 2960 is divided by 888.
296
Calculate the remainder when 91351 is divided by 37.
35
Calculate the remainder when 779 is divided by 261.
257
Calculate the remainder when 1391600 is divided by 267.
263
Calculate the remainder when 25574 is divided by 74.
44
What is the remainder when 19098 is divided by 4774?
2
What is the remainder when 194566 is divided by 67?
65
What is the remainder when 11862 is divided by 424?
414
What is the remainder when 16951 is divided by 16850?
101
What is the remainder when 50277 is divided by 19?
3
What is the remainder when 102564 is divided by 126?
0
Calculate the remainder when 104262 is divided by 24.
6
What is the remainder when 74293 is divided by 121?
120
What is the remainder when 19763 is divided by 9840?
83
What is the remainder when 35650 is divided by 463?
462
What is the remainder when 235270 is divided by 58816?
6
What is the remainder when 9512 is divided by 138?
128
What is the remainder when 5683 is divided by 942?
31
Calculate the remainder when 17413 is divided by 119.
39
What is the remainder when 8391 is divided by 1398?
3
Calculate the remainder when 124111 is divided by 1571.
2
Calculate the remainder when 51160 is divided by 42.
4
Calculate the remainder when 4831 is divided by 1544.
199
Calculate the remainder when 27450 is divided by 52.
46
What is the remainder when 13948 is divided by 29?
28
What is the remainder when 95665 is divided by 16?
1
Calculate the remainder when 19000 is divided by 6325.
25
Calculate the remainder when 3202 is divided by 124.
102
What is the remainder when 2750 is divided by 416?
254
What is the remainder when 5223 is divided by 371?
29
What is the remainder when 71266 is divided by 23735?
61
What is the remainder when 127357 is divided by 89?
87
What is the remainder when 620855 is divided by 12?
11
Calculate the remainder when 119046 is divided by 164.
146
What is the remainder when 4688 is divided by 4672?
16
What is the remainder when 9478 is divided by 97?
69
What is the remainder when 7480 is divided by 226?
22
Calculate the remainder when 23410 is divided by 585.
10
What is the remainder when 411 is divided by 338?
73
What is the remainder when 189282 is divided by 31?
27
Calculate the remainder when 2387 is divided by 126.
119
What is the remainder when 39472 is divided by 25?
22
Calculate the remainder when 723 is divided by 8.
3
Calculate the remainder when 982 is divided by 267.
181
Calculate the remainder when 2557 is divided by 1095.
367
Calculate the remainder when 111323 is divided by 25.
23
What is the remainder when 404 is divided by 84?
68
Calculate the remainder when 72314 is divided by 13.
8
What is the remainder when 8657 is divided by 234?
233
Calculate the remainder when 198443 is divided by 20.
3
What is the remainder when 86628 is divided by 5414?
4
What is the remainder when 37156 is divided by 1545?
76
Calculate the remainder when 290667 is divided by 60.
27
What is the remainder when 461 is divided by 92?
1
What is the remainder when 4102 is divided by 416?
358
What is the remainder when 493 is divided by 113?
41
Calculate the remainder when 643 is divided by 605.
38
What is the remainder when 18993 is divided by 221?
208
Calculate the remainder when 4290 is divided by 29.
27
Calculate the remainder when 9270 is divided by 3072.
54
Calculate the remainder when 52227 is divided by 22.
21
What is the remainder when 7056 is divided by 7033?
23
What is the remainder when 1143 is divided by 1112?
31
What is the remainder when 308891 is divided by 148?
15
Calculate the remainder when 807973 is divided by 26.
23
Calculate the remainder when 1072 is divided by 13.
6
Calculate the remainder when 138325 is divided by 69153.
19
What is the remainder when 8880524 is divided by 15?
14
What is the remainder when 171247 is divided by 176?
175
What is the remainder when 99334 is divided by 1805?
59
What is the remainder when 11483 is divided by 5735?
13
Calculate the remainder when 64495 is divided by 9213.
4
Calculate the remainder when 6619 is divided by 287.
18
What is the remainder when 4126 is divided by 181?
144
Calculate the remainder when 3009 is divided by 365.
89
Calculate the remainder when 65749 is divided by 71.
3
What is the remainder when 47919 is divided by 14?
11
What is the remainder when 80804 is divided by 58?
10
What is the remainder when 2296174 is divided by 483?
475
What is the remainder when 4628 is divided by 677?
566
What is the remainder when 50285 is divided by 16720?
125
Calculate the remainder when 70872 is divided by 105.
102
Calculate the remainder when 20665 is divided by 516.
25
Calculate the remainder when 2769 is divided by 111.
105
What is the remainder when 11926 is divided by 273?
187
What is the remainder when 73 is divided by 51?
22
Calculate the remainder when 150074 is divided by 667.
666
Calculate the remainder when 2657 is divided by 37.
30
What is the remainder when 28573 is divided by 231?
160
What is the remainder when 2964 is divided by 347?
188
Calculate the remainder when 27 is divided by 22.
5
Calculate the remainder when 42840 is divided by 8567.
5
Calculate the remainder when 129208 is divided by 1557.
1534
Calculate the remainder when 3892462 is divided by 36.
34
What is the remainder when 143073 is divided by 264?
249
Calculate the remainder when 2152 is divided by 24.
16
Calculate the remainder when 288491 is divided by 2425.
2341
What is the remainder when 35448 is divided by 11794?
66
Calculate the remainder when 39166 is divided by 64.
62
Calculate the remainder when 21963 is divided by 9.
3
What is the remainder when 15812 is divided by 45?
17
Calculate the remainder when 4522 is divided by 105.
7
What is the remainder when 1279 is divided by 8?
7
What is the remainder when 6009 is divided by 6001?
8
Calculate the remainder when 507110 is divided by 33.
32
Calculat